{"id":461,"date":"2021-04-27T15:23:12","date_gmt":"2021-04-27T15:23:12","guid":{"rendered":"https:\/\/adscs.pt\/?page_id=461"},"modified":"2021-04-29T09:29:01","modified_gmt":"2021-04-29T09:29:01","slug":"cantina-social","status":"publish","type":"page","link":"https:\/\/adscs.pt\/en\/cantina-social\/","title":{"rendered":"Social Canteen"},"content":{"rendered":"<h2 style=\"text-align: center;\">Social Canteen<\/h2>\n<p>No \u00e2mbito da Conven\u00e7\u00e3o da Rede Solid\u00e1ria de Cantinas Sociais, para o Programa de Emerg\u00eancia Alimentar promovido pelo Minist\u00e9rio da Solidariedade e da Seguran\u00e7a Social, foi assinado protocolo com o Centro Distrital de Seguran\u00e7a Social de Santar\u00e9m em 2012 para fornecimento de refei\u00e7\u00f5es \u00e0s fam\u00edlias carenciadas das freguesias de Trem\u00eas, Vaqueiros e Cas\u00e9vel.<\/p>\n<p>Tendo esta resposta um car\u00e1ter transit\u00f3rio, os protocolos t\u00eam sido renovados desde ent\u00e3o, pese embora tenham vindo a diminuir o n\u00famero de fam\u00edlias a quem s\u00e3o fornecidas refei\u00e7\u00f5es.<\/p>\n<p>A Cantina Social da Associa\u00e7\u00e3o funciona a partir da estrutura da creche And\u00f3-Lit\u00e1 em Trem\u00eas, de segunda-feira a Domingo, com entrega das refei\u00e7\u00f5es para consumo no domic\u00edlio (take away) a onze fam\u00edlias.<\/p>","protected":false},"excerpt":{"rendered":"<div class=\"entry-summary\">\n<div class=\"entry-summary\">\nCantina Social No \u00e2mbito da Conven\u00e7\u00e3o da Rede Solid\u00e1ria de Cantinas Sociais, para o Programa de Emerg\u00eancia Alimentar promovido pelo Minist\u00e9rio da Solidariedade e da Seguran\u00e7a Social, foi assinado protocolo com o Centro Distrital de Seguran\u00e7a Social de Santar\u00e9m em&hellip;\n<\/div>\n<div class=\"link-more\"><a href=\"https:\/\/adscs.pt\/en\/cantina-social\/\" class=\"more-link\">Continue reading<span class=\"screen-reader-text\"> &ldquo;Cantina Social&rdquo;<\/span>&hellip;<\/a><\/div>\n<\/div>\n<div class=\"link-more\"><a href=\"https:\/\/adscs.pt\/en\/cantina-social\/\" class=\"more-link\">Continue reading<span class=\"screen-reader-text\"> &ldquo;Cantina Social&rdquo;<\/span>&hellip;<\/a><\/div>","protected":false},"author":1,"featured_media":0,"parent":0,"menu_order":0,"comment_status":"closed","ping_status":"closed","template":"","meta":{"_acf_changed":false,"footnotes":""},"class_list":["post-461","page","type-page","status-publish","hentry","entry"],"acf":[],"_links":{"self":[{"href":"https:\/\/adscs.pt\/en\/wp-json\/wp\/v2\/pages\/461","targetHints":{"allow":["GET"]}}],"collection":[{"href":"https:\/\/adscs.pt\/en\/wp-json\/wp\/v2\/pages"}],"about":[{"href":"https:\/\/adscs.pt\/en\/wp-json\/wp\/v2\/types\/page"}],"author":[{"embeddable":true,"href":"https:\/\/adscs.pt\/en\/wp-json\/wp\/v2\/users\/1"}],"replies":[{"embeddable":true,"href":"https:\/\/adscs.pt\/en\/wp-json\/wp\/v2\/comments?post=461"}],"version-history":[{"count":2,"href":"https:\/\/adscs.pt\/en\/wp-json\/wp\/v2\/pages\/461\/revisions"}],"predecessor-version":[{"id":473,"href":"https:\/\/adscs.pt\/en\/wp-json\/wp\/v2\/pages\/461\/revisions\/473"}],"wp:attachment":[{"href":"https:\/\/adscs.pt\/en\/wp-json\/wp\/v2\/media?parent=461"}],"curies":[{"name":"wp","href":"https:\/\/api.w.org\/{rel}","templated":true}]}}

<h2 style="text-align: center;">Social Canteen</h2>
<p>No âmbito da Convenção da Rede Solidária de Cantinas Sociais, para o Programa de Emergência Alimentar promovido pelo Ministério da Solidariedade e da Segurança Social, foi assinado protocolo com o Centro Distrital de Segurança Social de Santarém em 2012 para fornecimento de refeições às famílias carenciadas das freguesias de Tremês, Vaqueiros e Casével.</p>
<p>Tendo esta resposta um caráter transitório, os protocolos têm sido renovados desde então, pese embora tenham vindo a diminuir o número de famílias a quem são fornecidas refeições.</p>
<p>A Cantina Social da Associação funciona a partir da estrutura da creche Andó-Litá em Tremês, de segunda-feira a Domingo, com entrega das refeições para consumo no domicílio (take away) a onze famílias.</p>

<div class="entry-summary">
<div class="entry-summary">
Cantina Social No âmbito da Convenção da Rede Solidária de Cantinas Sociais, para o Programa de Emergência Alimentar promovido pelo Ministério da Solidariedade e da Segurança Social, foi assinado protocolo com o Centro Distrital de Segurança Social de Santarém em&hellip;
</div>
<div class="link-more"><a href="https://adscs.pt/en/cantina-social/" class="more-link">Continue reading<span class="screen-reader-text"> &ldquo;Cantina Social&rdquo;</span>&hellip;</a></div>
</div>
<div class="link-more"><a href="https://adscs.pt/en/cantina-social/" class="more-link">Continue reading<span class="screen-reader-text"> &ldquo;Cantina Social&rdquo;</span>&hellip;</a></div>
