{"id":128,"date":"2019-07-18T14:34:22","date_gmt":"2019-07-18T14:34:22","guid":{"rendered":"https:\/\/v2.adscs.pt\/?page_id=128"},"modified":"2024-07-16T15:04:00","modified_gmt":"2024-07-16T15:04:00","slug":"pimpampum","status":"publish","type":"page","link":"https:\/\/adscs.pt\/en\/servicos\/criancas\/creches\/pimpampum\/","title":{"rendered":"Pim-Pam-Pum nursery"},"content":{"rendered":"<h2><strong>Creche <\/strong>Pim-Pam-Pum<\/h2>\n<p>A creche Pim-Pam-Pum, localizada na Aldeia do Verdelho, acolhe crian\u00e7as a partir dos 3 meses at\u00e9 aos 3 anos.<\/p>\n<p>O espa\u00e7o e a equipa contribuem para o desenvolvimento cognitivo, sensorial e para o bem-estar dos beb\u00e9s. Os princ\u00edpios que norteiam os cuidados que prestamos s\u00e3o:<\/p>\n<p><strong>&#8211; O conforto<\/strong>: as salas da creche t\u00eam equipamentos que permitem criar as melhores condi\u00e7\u00f5es para as crian\u00e7as com materiais espec\u00edficos para estas idades, nomeadamente a sala de ber\u00e7os, sala parque, copa de leites e as salas de 1 e 2 anos;<\/p>\n<p>&#8211; <strong>O carinho:<\/strong> as crian\u00e7as est\u00e3o sempre acompanhadas por profissionais qualificados, respons\u00e1veis e atentos. Avaliamos continuamente a evolu\u00e7\u00e3o da crian\u00e7a e adequamos as pr\u00e1ticas a cada uma delas;<\/p>\n<p>&#8211; <strong>O bem-estar<\/strong>: promovemos a ocupa\u00e7\u00e3o de espa\u00e7o, a cria\u00e7\u00e3o de rotinas, procurando que no dia-a-dia as crian\u00e7as se sintam confiantes e felizes. Dispomos de acesso a espa\u00e7o exterior para realiza\u00e7\u00e3o de atividades ao ar livre que fazem parte do programa educativo, estando adaptado para a aquisi\u00e7\u00e3o de h\u00e1bitos e compet\u00eancias relativas a explora\u00e7\u00e3o do meio. Brincadeiras em espa\u00e7os exteriores desenvolvem crian\u00e7as mais felizes, criativas e saud\u00e1veis e permite-lhes ganhar compet\u00eancias para a vida adulta.<\/p>\n<p>&#8211; <strong>A Seguran\u00e7a:<\/strong> o espa\u00e7o da creche foi concebido de raiz para o efeito e disp\u00f5e de todas as condi\u00e7\u00f5es para a vigil\u00e2ncia permanente da crian\u00e7a.<\/p>\n<p><strong>Metodologia de ensino<\/strong><\/p>\n<p>Cada crian\u00e7a demonstra a necessidade de se sentir amada e integrada no meio onde se insere, essa necessidade s\u00f3 \u00e9 satisfeita pela aten\u00e7\u00e3o individual que a crian\u00e7a recebe. As nossas educadoras de inf\u00e2ncia e as ajudantes de a\u00e7\u00e3o educativa acompanham cada crian\u00e7a individualmente no seu processo de desenvolvimento e aprendizagem.<\/p>\n<p>Observamos a din\u00e2mica do desenvolvimento intelectual e pessoal da crian\u00e7a e, juntamente com os pais, as nossas profissionais adaptam o percurso de aprendizagem da mesma.<\/p>\n<p>Nas salas, partilhamos os eventos marcantes e as conquistas das crian\u00e7as. Esta estrat\u00e9gia ir\u00e1 ajudar a crian\u00e7a a desenvolver dentro de si confian\u00e7a e determina\u00e7\u00e3o na realiza\u00e7\u00e3o dos seus objetivos, promovendo assim o seu desenvolvimento global.<\/p>\n<p><strong>Documentos necess\u00e1rios para entrada no servi\u00e7o<\/strong><\/p>\n<ul>\n<li>Boletim de vacinas<\/li>\n<li>Assento de nascimento<\/li>\n<li>Declara\u00e7\u00e3o M\u00e9dica<\/li>\n<li>Comprovativo de rendimentos (IRS) e respetiva nota de liquida\u00e7\u00e3o<\/li>\n<li>Comprovativos de despesas com rendas da habita\u00e7\u00e3o\/ cr\u00e9dito habita\u00e7\u00e3o (documento comprovativo do valor da presta\u00e7\u00e3o mensal)<\/li>\n<li>Comprovativo de despesas com medica\u00e7\u00e3o cr\u00f4nica, com e respetiva declara\u00e7\u00e3o m\u00e9dica<\/li>\n<\/ul>\n<ul>\n<li><strong>Hor\u00e1rio de funcionamento:<\/strong> Segunda a sexta-feira das 07:30H as 19H<\/li>\n<li>Link para pr\u00e9-inscri\u00e7\u00e3o<\/li>\n<li>O nosso espa\u00e7o (fotos das salas e espa\u00e7o exterior)<\/li>\n<li>Regulamento da resposta social.<\/li>\n<\/ul>\n<a href=\"https:\/\/adscs.pt\/en\/ficha_creches\/\"><strong>Ficha de Inscri\u00e7\u00e3o &#8211; Creches<\/strong><\/a>","protected":false},"excerpt":{"rendered":"<div class=\"entry-summary\">\n<div class=\"entry-summary\">\nCreche Pim-Pam-Pum A creche Pim-Pam-Pum, localizada na Aldeia do Verdelho, acolhe crian\u00e7as a partir dos 3 meses at\u00e9 aos 3 anos. O espa\u00e7o e a equipa contribuem para o desenvolvimento cognitivo, sensorial e para o bem-estar dos beb\u00e9s. Os princ\u00edpios&hellip;\n<\/div>\n<div class=\"link-more\"><a href=\"https:\/\/adscs.pt\/en\/servicos\/criancas\/creches\/pimpampum\/\" class=\"more-link\">Continue reading<span class=\"screen-reader-text\"> &ldquo;Creche Pim-Pam-Pum&rdquo;<\/span>&hellip;<\/a><\/div>\n<\/div>\n<div class=\"link-more\"><a href=\"https:\/\/adscs.pt\/en\/servicos\/criancas\/creches\/pimpampum\/\" class=\"more-link\">Continue reading<span class=\"screen-reader-text\"> &ldquo;Creche Pim-Pam-Pum&rdquo;<\/span>&hellip;<\/a><\/div>","protected":false},"author":1,"featured_media":0,"parent":120,"menu_order":0,"comment_status":"closed","ping_status":"closed","template":"","meta":{"_acf_changed":false,"footnotes":""},"class_list":["post-128","page","type-page","status-publish","hentry","entry"],"acf":[],"_links":{"self":[{"href":"https:\/\/adscs.pt\/en\/wp-json\/wp\/v2\/pages\/128","targetHints":{"allow":["GET"]}}],"collection":[{"href":"https:\/\/adscs.pt\/en\/wp-json\/wp\/v2\/pages"}],"about":[{"href":"https:\/\/adscs.pt\/en\/wp-json\/wp\/v2\/types\/page"}],"author":[{"embeddable":true,"href":"https:\/\/adscs.pt\/en\/wp-json\/wp\/v2\/users\/1"}],"replies":[{"embeddable":true,"href":"https:\/\/adscs.pt\/en\/wp-json\/wp\/v2\/comments?post=128"}],"version-history":[{"count":9,"href":"https:\/\/adscs.pt\/en\/wp-json\/wp\/v2\/pages\/128\/revisions"}],"predecessor-version":[{"id":3201,"href":"https:\/\/adscs.pt\/en\/wp-json\/wp\/v2\/pages\/128\/revisions\/3201"}],"up":[{"embeddable":true,"href":"https:\/\/adscs.pt\/en\/wp-json\/wp\/v2\/pages\/120"}],"wp:attachment":[{"href":"https:\/\/adscs.pt\/en\/wp-json\/wp\/v2\/media?parent=128"}],"curies":[{"name":"wp","href":"https:\/\/api.w.org\/{rel}","templated":true}]}}

<h2><strong>Creche </strong>Pim-Pam-Pum</h2>
<p>A creche Pim-Pam-Pum, localizada na Aldeia do Verdelho, acolhe crianças a partir dos 3 meses até aos 3 anos.</p>
<p>O espaço e a equipa contribuem para o desenvolvimento cognitivo, sensorial e para o bem-estar dos bebés. Os princípios que norteiam os cuidados que prestamos são:</p>
<p><strong>&#8211; O conforto</strong>: as salas da creche têm equipamentos que permitem criar as melhores condições para as crianças com materiais específicos para estas idades, nomeadamente a sala de berços, sala parque, copa de leites e as salas de 1 e 2 anos;</p>
<p>&#8211; <strong>O carinho:</strong> as crianças estão sempre acompanhadas por profissionais qualificados, responsáveis e atentos. Avaliamos continuamente a evolução da criança e adequamos as práticas a cada uma delas;</p>
<p>&#8211; <strong>O bem-estar</strong>: promovemos a ocupação de espaço, a criação de rotinas, procurando que no dia-a-dia as crianças se sintam confiantes e felizes. Dispomos de acesso a espaço exterior para realização de atividades ao ar livre que fazem parte do programa educativo, estando adaptado para a aquisição de hábitos e competências relativas a exploração do meio. Brincadeiras em espaços exteriores desenvolvem crianças mais felizes, criativas e saudáveis e permite-lhes ganhar competências para a vida adulta.</p>
<p>&#8211; <strong>A Segurança:</strong> o espaço da creche foi concebido de raiz para o efeito e dispõe de todas as condições para a vigilância permanente da criança.</p>
<p><strong>Metodologia de ensino</strong></p>
<p>Cada criança demonstra a necessidade de se sentir amada e integrada no meio onde se insere, essa necessidade só é satisfeita pela atenção individual que a criança recebe. As nossas educadoras de infância e as ajudantes de ação educativa acompanham cada criança individualmente no seu processo de desenvolvimento e aprendizagem.</p>
<p>Observamos a dinâmica do desenvolvimento intelectual e pessoal da criança e, juntamente com os pais, as nossas profissionais adaptam o percurso de aprendizagem da mesma.</p>
<p>Nas salas, partilhamos os eventos marcantes e as conquistas das crianças. Esta estratégia irá ajudar a criança a desenvolver dentro de si confiança e determinação na realização dos seus objetivos, promovendo assim o seu desenvolvimento global.</p>
<p><strong>Documentos necessários para entrada no serviço</strong></p>
<ul>
<li>Boletim de vacinas</li>
<li>Assento de nascimento</li>
<li>Declaração Médica</li>
<li>Comprovativo de rendimentos (IRS) e respetiva nota de liquidação</li>
<li>Comprovativos de despesas com rendas da habitação/ crédito habitação (documento comprovativo do valor da prestação mensal)</li>
<li>Comprovativo de despesas com medicação crônica, com e respetiva declaração médica</li>
</ul>
<ul>
<li><strong>Horário de funcionamento:</strong> Segunda a sexta-feira das 07:30H as 19H</li>
<li>Link para pré-inscrição</li>
<li>O nosso espaço (fotos das salas e espaço exterior)</li>
<li>Regulamento da resposta social.</li>
</ul>
<a href="https://adscs.pt/en/ficha_creches/"><strong>Ficha de Inscrição &#8211; Creches</strong></a>

<div class="entry-summary">
<div class="entry-summary">
Creche Pim-Pam-Pum A creche Pim-Pam-Pum, localizada na Aldeia do Verdelho, acolhe crianças a partir dos 3 meses até aos 3 anos. O espaço e a equipa contribuem para o desenvolvimento cognitivo, sensorial e para o bem-estar dos bebés. Os princípios&hellip;
</div>
<div class="link-more"><a href="https://adscs.pt/en/servicos/criancas/creches/pimpampum/" class="more-link">Continue reading<span class="screen-reader-text"> &ldquo;Creche Pim-Pam-Pum&rdquo;</span>&hellip;</a></div>
</div>
<div class="link-more"><a href="https://adscs.pt/en/servicos/criancas/creches/pimpampum/" class="more-link">Continue reading<span class="screen-reader-text"> &ldquo;Creche Pim-Pam-Pum&rdquo;</span>&hellip;</a></div>
